{"id":25,"date":"2019-07-12T15:50:17","date_gmt":"2019-07-12T13:50:17","guid":{"rendered":"https:\/\/robot.horusdynamics.com\/robots\/?post_type=product&#038;p=25"},"modified":"2024-03-13T16:19:40","modified_gmt":"2024-03-13T15:19:40","slug":"dr-robot-jaguar-4x4-mobile-platform","status":"publish","type":"product","link":"https:\/\/robot.horusdynamics.com\/robots\/s\/dr-robot-jaguar-4x4-mobile-platform\/","title":{"rendered":"Dr. Robot Jaguar 4&#215;4 Mobile Platform"},"content":{"rendered":"<div class=\"product-availability-region\">\n<div>\n<div class=\"availabilityContainer\">Descrizione<\/div>\n<\/div>\n<\/div>\n<p>Progettato per le operazioni interne ed esterne che richiedono maggiore altezza da terra e manovrabilit\u00e0 pi\u00f9 rapida<br \/>\nGestione del passo verticale massimo 155mm (6 &#8220;) (ostacolo)<br \/>\nTutto 802.11G (802.11N opzionale) connesso in modalit\u00e0 wireless<br \/>\nPeso leggero (&lt;20Kg) con eccellente capacit\u00e0 di carico utile<br \/>\nNavigazione autonoma con GPS esterno e 9 DOF IMU<br \/>\nSalire le scale basse (passo fino a 110 mm)<br \/>\nVelocit\u00e0: 0 &#8211; 15 km \/ h<br \/>\nLa piattaforma mobile Dr. Robot Jaguar 4&#215;4 \u00e8 progettata per operazioni interne ed esterne che richiedono maggiore altezza da terra e manovrabilit\u00e0 pi\u00f9 rapida. La piattaforma Jaguar-4&#215;4 \u00e8 una versione a ruote della piattaforma Jaguar-Lite. \u00c8 guidato da quattro potenti motori (80 W), uno per ogni ruota. \u00c8 robusto, leggero (&lt;20 kg), veloce (max 15 km \/ h), con elevata altezza da terra (88 mm), compatto, resistente agli agenti atmosferici e all&#8217;acqua. \u00c8 progettato per terreni difficili e in grado di superare gradini verticali fino a 155 mm e salire su scale basse (fino a 110 mm).<\/p>\n<p>\u00c8 completamente connesso in modalit\u00e0 wireless (802.11G). Integra GPS esterno e 9 DOF IMU (giroscopio \/ accelerometro \/ bussola) per la navigazione autonoma. Lo scanner video \/ audio e laser integrato ad alta risoluzione (opzionale) fornisce all&#8217;operatore remoto informazioni dettagliate sull&#8217;ambiente circostante. Oltre al software di controllo e navigazione pronto all&#8217;uso, \u00e8 disponibile anche un kit di sviluppo completo che include SDK, protocollo dati e codici di esempio.<\/p>\n<p>La figura seguente illustra i componenti chiave che verranno identificati sulla piattaforma mobile Dr. Robot Jaguar 4&#215;4:<\/p>\n<p>Piattaforma mobile Dr. Robot Jaguar 4&#215;4<\/p>\n<p>Scenario di operazione<\/p>\n<p>Il diagramma seguente illustra lo scenario operativo tipico. La piattaforma mobile Dr. Robot Jaguar 4&#215;4 \u00e8 un robot mobile per esterni in rete wireless. Viene fornito con un AP \/ router 802.11 wireless. Il PC del controller host remoto che esegue il programma &#8220;Jaguar Control&#8221; si connette alla piattaforma mobile Dr. Robot Jaguar 4&#215;4 tramite cavo di rete o wireless. L&#8217;utente finale potrebbe sviluppare il proprio programma di controllo del giaguaro utilizzando l&#8217;API e gli strumenti di sviluppo forniti.<\/p>\n<p>Piattaforma mobile Dr. Robot Jaguar 4&#215;4<\/p>\n<p>\u00c8 possibile utilizzare il controller Gamepad incluso per navigare nel robot. Se utilizzato all&#8217;aperto, in particolare sotto la luce solare diretta, il display montato sulla testa (non incluso) offre un display chiaro e ampio con un&#8217;eccellente esperienza all&#8217;aperto.<\/p>\n<p>Caratteristiche:<br \/>\n\u2022 Piattaforma mobile robusta e affidabile per applicazioni interne ed esterne con manovrabilit\u00e0 pi\u00f9 rapida (max 15 km \/ h)<br \/>\n\u2022 Custodia resistente alle intemperie e all&#8217;acqua<br \/>\n\u2022 Salita su pendenza&gt; 45 \u00b0 o scale (max 110 mm o 4,5 &#8220;)<br \/>\n\u2022 Peso ridotto (&lt;20 kg ) e design compatto con grande capacit\u00e0 di carico<br \/>\n\u2022 Gestione di un passo verticale di 155 mm (ostacolo)<br \/>\n\u2022 Scanner laser integrato (opzionale)<br \/>\n\u2022 Videocamera integrata ad alta risoluzione con audio<br \/>\n\u2022 Tutto 802.11G (opzionale 802.11N) connesso in modalit\u00e0 wireless<br \/>\n\u2022 Testa montata display (opzionale) e controller Gamepad che consente di operare all&#8217;aperto con una visione ampia e chiara anche sotto la luce diretta del sole<br \/>\n\u2022 Software di controllo e navigazione pronto all&#8217;uso<br \/>\n\u2022 Kit di sviluppo completo comprensivo di SDK, protocollo dati e codici di esempio, che supporta Microsoft\u00ae Robotics Studio, Microsoft\u00ae Visual Studio, NI LabVIEW\u00ae, MATLAB\u00ae, Java\u00ae<\/p>\n<p>Piattaforma mobile Dr. Robot Jaguar 4&#215;4<\/p>\n<p>ricarica<\/p>\n<p>Il robot Jaguar utilizza batterie LiPo ad alte prestazioni. \u00c8 necessaria estrema cautela mentre si utilizza questo tipo di batteria, esplosione e danni potrebbero verificarsi. Leggere prima il manuale della stazione di ricarica e seguire tutte le regole di sicurezza prima di proseguire.<\/p>\n<p>&nbsp;<\/p>\n<p>&nbsp;<\/p>\n<div class=\"aboutHeaders\">\n<h3>Specifiche<\/h3>\n<\/div>\n<div class=\"aboutContent clearfix\">\n<p><strong>Mobilit\u00e0<\/strong><br \/>\n\u2022 Terreno: sabbia, roccia, cemento, ghiaia, erba, terra e altri umidi e asciutti<br \/>\n\u2022 Pendenza:&gt; 45 \u00b0<br \/>\n\u2022 Passo verticale massimo: 155mm (6 &#8220;)<br \/>\n\u2022 Scala: altezza massima del gradino 110mm (4,5&#8221;)<br \/>\n\u2022 Poligonale:&gt; 200mm (8 &#8220;)<br \/>\n\u2022 Velocit\u00e0: 0 &#8211; 15Km \/ hr<br \/>\n\u2022 Raggio di sterzata: 0, minimo 750mm (29,5&#8221;) di diametro dello spazio di rotazione<br \/>\n\u2022 Altezza libera da terra: 88mm (3,5 &#8220;)<br \/>\n\u2022 Telecomando dell&#8217;operatore<br \/>\n\u2022 Navigazione autonoma con GPS e 9 DOF IMU (giroscopio \/ accelerometro \/ bussola)<br \/>\n\u2022 GPS di riferimento per visione interna (opzionale)<\/p>\n<p><strong>Sopravvivibilit\u00e0<\/strong><br \/>\n\u2022\u00a0<strong>Involucro<\/strong>\u00a0resistente agli\u00a0<strong>agenti<\/strong>\u00a0atmosferici<br \/>\n\u2022 Temperatura: da -30 \u00b0 a + 50 \u00b0<br \/>\n\u2022 Telaio resistente agli urti<\/p>\n<p><strong>Elettronica<\/strong><br \/>\n\u2022 Controller di movimento e rilevamento (PWM, posizione e controllo della velocit\u00e0)<br \/>\n\u2022 5Hz GPS e 9 DOF IMU (giroscopio \/ accelerometro \/ bussola)<br \/>\n\u2022 Laser scanner (4m o 30m) (opzionale)<br \/>\n\u2022\u00a0Sensore di\u00a0temperatura e monitoraggio della tensione<br \/>\n\u2022 Fari<\/p>\n<p><strong>Video \/ Audio<\/strong><br \/>\n\u2022 Telecamera a colori (640&#215;480, 30fps) con audio<\/p>\n<p><strong>Comunicazione<\/strong><br \/>\n\u2022 WiFi802.11G (WiFi 802.11N opzionale)<br \/>\n\u2022 Ethernet<br \/>\n\u2022 Seriale (RS232)<\/p>\n<p><strong>Porte ausiliarie esterne<\/strong><br \/>\n\u2022 Ethernet (opzionale)<br \/>\n\u2022 Comunicazione di uso generale e porta di alimentazione (opzionale)<\/p>\n<p><strong>Unit\u00e0 di controllo dell&#8217;operatore<\/strong><br \/>\n\u2022 Controller per gamepad<br \/>\n\u2022 Display montato sulla testina (Dual 640 x 480), equivalente al display da 60 &#8220;visualizzato in 2,7 m (9 piedi) (opzionale)<br \/>\n\u2022 Computer portatile (opzionale)<\/p>\n<p><strong>Alimentazione<\/strong><br \/>\n\u2022 Batteria ricaricabile: LiPo 22.2V 10AH<br \/>\n\u2022 Caricabatterie LiPo con bilanciatore<br \/>\n\u2022 Tempo di funzionamento nominale: 2 ore (Opzionale 4 ore)<\/p>\n<p><strong>Motore<\/strong><br \/>\n\u2022 Motori ruota (24 V): 4 unit\u00e0<br \/>\n&#8211; Potenza massima (dopo la marcia in gi\u00f9) (x4): Max 80W, 65Kg.cm<br \/>\n\/\u00a0ruota\u00a0&#8211; Corrente nominale: 2,75 A, Corrente massima 16 A<\/p>\n<p><strong>Carico utile<\/strong><br \/>\n\u2022\u00a0<strong>Carico Carico<\/strong>\u00a0utile: max 30Kg<br \/>\n\u2022 Carico utile di trascinamento: max 50Kg<\/p>\n<p><strong>Sviluppo di applicazioni<\/strong><br \/>\n\u2022 Kit di sviluppo completo che include SDK, protocollo dati e codici di esempio, supporto Microsoft\u00ae Robotics Studio, Microsoft\u00ae Visual Studio, NI LabVIEW\u00ae, MATLAB\u00ae, Java\u00ae<\/p>\n<\/div>\n<p><a href=\"https:\/\/robot.horusdynamics.com\/robots\/wp-content\/uploads\/sites\/2\/2019\/07\/jaguar_4x4w_brochure1_jaguar_4x4w.pdf\">Brochure<\/a><\/p>\n","protected":false},"excerpt":{"rendered":"<div class=\"product-availability-region\">\n<div>\n<div class=\"availabilityContainer\">\n<p class=\"availability special-order\">Special Order<\/p>\n<div class=\"special\">* Questo \u00e8 un articolo di ordine speciale.<\/div>\n<div class=\"message special\">La nostra normale disponibilit\u00e0 per la maggior parte dei prodotti \u00e8 compresa tra 2 e 6 settimane.<\/div>\n<\/div>\n<div class=\"product-icon\"><\/div>\n<div class=\"free-ship\">Spedizione gratuita su questo articolo<\/div>\n<\/div>\n<\/div>\n<div class=\"productShortDescription\">\n<ul>\n<li>Progettato per le operazioni interne ed esterne che richiedono maggiore altezza da terra e manovrabilit\u00e0 pi\u00f9 rapida<\/li>\n<li>Gestione del passo verticale massimo 155mm (6 &#8220;) (ostacolo)<\/li>\n<li>Tutto 802.11G (802.11N opzionale) connesso in modalit\u00e0 wireless<\/li>\n<li>Peso leggero (&lt;20Kg) con eccellente capacit\u00e0 di carico utile<\/li>\n<li>Navigazione autonoma con GPS esterno e 9 DOF IMU<\/li>\n<li>Salire le scale basse (passo fino a 110 mm)<\/li>\n<li>Velocit\u00e0: 0 &#8211; 15 km \/ h<\/li>\n<\/ul>\n<div class=\"aboutHeaders\"><\/div>\n<div class=\"aboutContent clearfix\">\n<p>&nbsp;<\/p>\n<\/div>\n<\/div>\n","protected":false},"featured_media":26,"template":"","meta":[],"product_cat":[15,20,21],"product_tag":[24],"yoast_head":"<!-- This site is optimized with the Yoast SEO plugin v23.0 - https:\/\/yoast.com\/wordpress\/plugins\/seo\/ -->\n<title>Dr. Robot Jaguar 4x4 Mobile Platform - Robot Store<\/title>\n<meta name=\"robots\" content=\"index, follow, max-snippet:-1, max-image-preview:large, max-video-preview:-1\" \/>\n<link rel=\"canonical\" href=\"https:\/\/robot.horusdynamics.com\/robots\/s\/dr-robot-jaguar-4x4-mobile-platform\/\" \/>\n<meta property=\"og:locale\" content=\"it_IT\" \/>\n<meta property=\"og:type\" content=\"article\" \/>\n<meta property=\"og:title\" content=\"Dr. Robot Jaguar 4x4 Mobile Platform - Robot Store\" \/>\n<meta property=\"og:description\" content=\"Special Order  * Questo \u00e8 un articolo di ordine speciale. La nostra normale disponibilit\u00e0 per la maggior parte dei prodotti \u00e8 compresa tra 2 e 6 settimane.   Spedizione gratuita su questo articolo      Progettato per le operazioni interne ed esterne che richiedono maggiore altezza da terra e manovrabilit\u00e0 pi\u00f9 rapida  Gestione del passo verticale massimo 155mm (6 &quot;) (ostacolo)  Tutto 802.11G (802.11N opzionale) connesso in modalit\u00e0 wireless  Peso leggero (&lt;20Kg) con eccellente capacit\u00e0 di carico utile  Navigazione autonoma con GPS esterno e 9 DOF IMU  Salire le scale basse (passo fino a 110 mm)  Velocit\u00e0: 0 - 15 km \/ h     &nbsp;\" \/>\n<meta property=\"og:url\" content=\"https:\/\/robot.horusdynamics.com\/robots\/s\/dr-robot-jaguar-4x4-mobile-platform\/\" \/>\n<meta property=\"og:site_name\" content=\"Robot Store\" \/>\n<meta property=\"article:modified_time\" content=\"2024-03-13T15:19:40+00:00\" \/>\n<meta property=\"og:image\" content=\"https:\/\/robot.horusdynamics.com\/robots\/wp-content\/uploads\/sites\/2\/2019\/07\/dr-robot-jaguar-4x4-mobile-platform-6_2.jpg\" \/>\n\t<meta property=\"og:image:width\" content=\"900\" \/>\n\t<meta property=\"og:image:height\" content=\"900\" \/>\n\t<meta property=\"og:image:type\" content=\"image\/jpeg\" \/>\n<meta name=\"twitter:card\" content=\"summary_large_image\" \/>\n<meta name=\"twitter:label1\" content=\"Tempo di lettura stimato\" \/>\n\t<meta name=\"twitter:data1\" content=\"4 minuti\" \/>\n<script type=\"application\/ld+json\" class=\"yoast-schema-graph\">{\"@context\":\"https:\/\/schema.org\",\"@graph\":[{\"@type\":\"WebPage\",\"@id\":\"https:\/\/robot.horusdynamics.com\/robots\/s\/dr-robot-jaguar-4x4-mobile-platform\/\",\"url\":\"https:\/\/robot.horusdynamics.com\/robots\/s\/dr-robot-jaguar-4x4-mobile-platform\/\",\"name\":\"Dr. Robot Jaguar 4x4 Mobile Platform - Robot Store\",\"isPartOf\":{\"@id\":\"https:\/\/robot.horusdynamics.com\/robots\/#website\"},\"primaryImageOfPage\":{\"@id\":\"https:\/\/robot.horusdynamics.com\/robots\/s\/dr-robot-jaguar-4x4-mobile-platform\/#primaryimage\"},\"image\":{\"@id\":\"https:\/\/robot.horusdynamics.com\/robots\/s\/dr-robot-jaguar-4x4-mobile-platform\/#primaryimage\"},\"thumbnailUrl\":\"https:\/\/robot.horusdynamics.com\/robots\/wp-content\/uploads\/sites\/2\/2019\/07\/dr-robot-jaguar-4x4-mobile-platform-6_2.jpg\",\"datePublished\":\"2019-07-12T13:50:17+00:00\",\"dateModified\":\"2024-03-13T15:19:40+00:00\",\"breadcrumb\":{\"@id\":\"https:\/\/robot.horusdynamics.com\/robots\/s\/dr-robot-jaguar-4x4-mobile-platform\/#breadcrumb\"},\"inLanguage\":\"it-IT\",\"potentialAction\":[{\"@type\":\"ReadAction\",\"target\":[\"https:\/\/robot.horusdynamics.com\/robots\/s\/dr-robot-jaguar-4x4-mobile-platform\/\"]}]},{\"@type\":\"ImageObject\",\"inLanguage\":\"it-IT\",\"@id\":\"https:\/\/robot.horusdynamics.com\/robots\/s\/dr-robot-jaguar-4x4-mobile-platform\/#primaryimage\",\"url\":\"https:\/\/robot.horusdynamics.com\/robots\/wp-content\/uploads\/sites\/2\/2019\/07\/dr-robot-jaguar-4x4-mobile-platform-6_2.jpg\",\"contentUrl\":\"https:\/\/robot.horusdynamics.com\/robots\/wp-content\/uploads\/sites\/2\/2019\/07\/dr-robot-jaguar-4x4-mobile-platform-6_2.jpg\",\"width\":900,\"height\":900},{\"@type\":\"BreadcrumbList\",\"@id\":\"https:\/\/robot.horusdynamics.com\/robots\/s\/dr-robot-jaguar-4x4-mobile-platform\/#breadcrumb\",\"itemListElement\":[{\"@type\":\"ListItem\",\"position\":1,\"name\":\"Home\",\"item\":\"https:\/\/robot.horusdynamics.com\/robots\/\"},{\"@type\":\"ListItem\",\"position\":2,\"name\":\"Shop\",\"item\":\"https:\/\/robot.horusdynamics.com\/robots\/\"},{\"@type\":\"ListItem\",\"position\":3,\"name\":\"Dr. Robot Jaguar 4&#215;4 Mobile Platform\"}]},{\"@type\":\"WebSite\",\"@id\":\"https:\/\/robot.horusdynamics.com\/robots\/#website\",\"url\":\"https:\/\/robot.horusdynamics.com\/robots\/\",\"name\":\"Robot Store\",\"description\":\"Ispezioni e Sorveglianza\",\"publisher\":{\"@id\":\"https:\/\/robot.horusdynamics.com\/robots\/#organization\"},\"potentialAction\":[{\"@type\":\"SearchAction\",\"target\":{\"@type\":\"EntryPoint\",\"urlTemplate\":\"https:\/\/robot.horusdynamics.com\/robots\/?s={search_term_string}\"},\"query-input\":\"required name=search_term_string\"}],\"inLanguage\":\"it-IT\"},{\"@type\":\"Organization\",\"@id\":\"https:\/\/robot.horusdynamics.com\/robots\/#organization\",\"name\":\"Robot Store\",\"url\":\"https:\/\/robot.horusdynamics.com\/robots\/\",\"logo\":{\"@type\":\"ImageObject\",\"inLanguage\":\"it-IT\",\"@id\":\"https:\/\/robot.horusdynamics.com\/robots\/#\/schema\/logo\/image\/\",\"url\":\"https:\/\/robot.horusdynamics.com\/robots\/wp-content\/uploads\/sites\/2\/2019\/09\/vendita-robot-Horus-Dynamics.png\",\"contentUrl\":\"https:\/\/robot.horusdynamics.com\/robots\/wp-content\/uploads\/sites\/2\/2019\/09\/vendita-robot-Horus-Dynamics.png\",\"width\":120,\"height\":69,\"caption\":\"Robot Store\"},\"image\":{\"@id\":\"https:\/\/robot.horusdynamics.com\/robots\/#\/schema\/logo\/image\/\"}}]}<\/script>\n<!-- \/ Yoast SEO plugin. -->","yoast_head_json":{"title":"Dr. Robot Jaguar 4x4 Mobile Platform - Robot Store","robots":{"index":"index","follow":"follow","max-snippet":"max-snippet:-1","max-image-preview":"max-image-preview:large","max-video-preview":"max-video-preview:-1"},"canonical":"https:\/\/robot.horusdynamics.com\/robots\/s\/dr-robot-jaguar-4x4-mobile-platform\/","og_locale":"it_IT","og_type":"article","og_title":"Dr. Robot Jaguar 4x4 Mobile Platform - Robot Store","og_description":"Special Order  * Questo \u00e8 un articolo di ordine speciale. La nostra normale disponibilit\u00e0 per la maggior parte dei prodotti \u00e8 compresa tra 2 e 6 settimane.   Spedizione gratuita su questo articolo      Progettato per le operazioni interne ed esterne che richiedono maggiore altezza da terra e manovrabilit\u00e0 pi\u00f9 rapida  Gestione del passo verticale massimo 155mm (6 \") (ostacolo)  Tutto 802.11G (802.11N opzionale) connesso in modalit\u00e0 wireless  Peso leggero (&lt;20Kg) con eccellente capacit\u00e0 di carico utile  Navigazione autonoma con GPS esterno e 9 DOF IMU  Salire le scale basse (passo fino a 110 mm)  Velocit\u00e0: 0 - 15 km \/ h     &nbsp;","og_url":"https:\/\/robot.horusdynamics.com\/robots\/s\/dr-robot-jaguar-4x4-mobile-platform\/","og_site_name":"Robot Store","article_modified_time":"2024-03-13T15:19:40+00:00","og_image":[{"width":900,"height":900,"url":"https:\/\/robot.horusdynamics.com\/robots\/wp-content\/uploads\/sites\/2\/2019\/07\/dr-robot-jaguar-4x4-mobile-platform-6_2.jpg","type":"image\/jpeg"}],"twitter_card":"summary_large_image","twitter_misc":{"Tempo di lettura stimato":"4 minuti"},"schema":{"@context":"https:\/\/schema.org","@graph":[{"@type":"WebPage","@id":"https:\/\/robot.horusdynamics.com\/robots\/s\/dr-robot-jaguar-4x4-mobile-platform\/","url":"https:\/\/robot.horusdynamics.com\/robots\/s\/dr-robot-jaguar-4x4-mobile-platform\/","name":"Dr. Robot Jaguar 4x4 Mobile Platform - Robot Store","isPartOf":{"@id":"https:\/\/robot.horusdynamics.com\/robots\/#website"},"primaryImageOfPage":{"@id":"https:\/\/robot.horusdynamics.com\/robots\/s\/dr-robot-jaguar-4x4-mobile-platform\/#primaryimage"},"image":{"@id":"https:\/\/robot.horusdynamics.com\/robots\/s\/dr-robot-jaguar-4x4-mobile-platform\/#primaryimage"},"thumbnailUrl":"https:\/\/robot.horusdynamics.com\/robots\/wp-content\/uploads\/sites\/2\/2019\/07\/dr-robot-jaguar-4x4-mobile-platform-6_2.jpg","datePublished":"2019-07-12T13:50:17+00:00","dateModified":"2024-03-13T15:19:40+00:00","breadcrumb":{"@id":"https:\/\/robot.horusdynamics.com\/robots\/s\/dr-robot-jaguar-4x4-mobile-platform\/#breadcrumb"},"inLanguage":"it-IT","potentialAction":[{"@type":"ReadAction","target":["https:\/\/robot.horusdynamics.com\/robots\/s\/dr-robot-jaguar-4x4-mobile-platform\/"]}]},{"@type":"ImageObject","inLanguage":"it-IT","@id":"https:\/\/robot.horusdynamics.com\/robots\/s\/dr-robot-jaguar-4x4-mobile-platform\/#primaryimage","url":"https:\/\/robot.horusdynamics.com\/robots\/wp-content\/uploads\/sites\/2\/2019\/07\/dr-robot-jaguar-4x4-mobile-platform-6_2.jpg","contentUrl":"https:\/\/robot.horusdynamics.com\/robots\/wp-content\/uploads\/sites\/2\/2019\/07\/dr-robot-jaguar-4x4-mobile-platform-6_2.jpg","width":900,"height":900},{"@type":"BreadcrumbList","@id":"https:\/\/robot.horusdynamics.com\/robots\/s\/dr-robot-jaguar-4x4-mobile-platform\/#breadcrumb","itemListElement":[{"@type":"ListItem","position":1,"name":"Home","item":"https:\/\/robot.horusdynamics.com\/robots\/"},{"@type":"ListItem","position":2,"name":"Shop","item":"https:\/\/robot.horusdynamics.com\/robots\/"},{"@type":"ListItem","position":3,"name":"Dr. Robot Jaguar 4&#215;4 Mobile Platform"}]},{"@type":"WebSite","@id":"https:\/\/robot.horusdynamics.com\/robots\/#website","url":"https:\/\/robot.horusdynamics.com\/robots\/","name":"Robot Store","description":"Ispezioni e Sorveglianza","publisher":{"@id":"https:\/\/robot.horusdynamics.com\/robots\/#organization"},"potentialAction":[{"@type":"SearchAction","target":{"@type":"EntryPoint","urlTemplate":"https:\/\/robot.horusdynamics.com\/robots\/?s={search_term_string}"},"query-input":"required name=search_term_string"}],"inLanguage":"it-IT"},{"@type":"Organization","@id":"https:\/\/robot.horusdynamics.com\/robots\/#organization","name":"Robot Store","url":"https:\/\/robot.horusdynamics.com\/robots\/","logo":{"@type":"ImageObject","inLanguage":"it-IT","@id":"https:\/\/robot.horusdynamics.com\/robots\/#\/schema\/logo\/image\/","url":"https:\/\/robot.horusdynamics.com\/robots\/wp-content\/uploads\/sites\/2\/2019\/09\/vendita-robot-Horus-Dynamics.png","contentUrl":"https:\/\/robot.horusdynamics.com\/robots\/wp-content\/uploads\/sites\/2\/2019\/09\/vendita-robot-Horus-Dynamics.png","width":120,"height":69,"caption":"Robot Store"},"image":{"@id":"https:\/\/robot.horusdynamics.com\/robots\/#\/schema\/logo\/image\/"}}]}},"_links":{"self":[{"href":"https:\/\/robot.horusdynamics.com\/robots\/wp-json\/wp\/v2\/product\/25"}],"collection":[{"href":"https:\/\/robot.horusdynamics.com\/robots\/wp-json\/wp\/v2\/product"}],"about":[{"href":"https:\/\/robot.horusdynamics.com\/robots\/wp-json\/wp\/v2\/types\/product"}],"wp:featuredmedia":[{"embeddable":true,"href":"https:\/\/robot.horusdynamics.com\/robots\/wp-json\/wp\/v2\/media\/26"}],"wp:attachment":[{"href":"https:\/\/robot.horusdynamics.com\/robots\/wp-json\/wp\/v2\/media?parent=25"}],"wp:term":[{"taxonomy":"product_cat","embeddable":true,"href":"https:\/\/robot.horusdynamics.com\/robots\/wp-json\/wp\/v2\/product_cat?post=25"},{"taxonomy":"product_tag","embeddable":true,"href":"https:\/\/robot.horusdynamics.com\/robots\/wp-json\/wp\/v2\/product_tag?post=25"}],"curies":[{"name":"wp","href":"https:\/\/api.w.org\/{rel}","templated":true}]}}