{"id":16,"date":"2019-07-12T15:30:10","date_gmt":"2019-07-12T13:30:10","guid":{"rendered":"https:\/\/robot.horusdynamics.com\/robots\/?post_type=product&#038;p=16"},"modified":"2021-07-15T14:55:52","modified_gmt":"2021-07-15T12:55:52","slug":"padbot-p2-telepresence-robot","status":"publish","type":"product","link":"https:\/\/robot.horusdynamics.com\/robots\/s\/padbot-p2-telepresence-robot\/","title":{"rendered":"PadBot P2 Telepresence Robot"},"content":{"rendered":"<p>Robot di telepresenza (1,1 m) con uno schermo HD da 10 &#8221;<br \/>\nSveglia automatica a due metri di distanza<br \/>\nInclinazione e sollevamento della testa con movimento di 30 gradi<br \/>\nFunzioni: telecomando, video chat, riconoscimento facciale, ecc.<br \/>\nDesign pieghevole facile da imballare e trasportare<br \/>\nIl robot di telepresenza PadBot P2 \u00e8 la versione pi\u00f9 recente dei robot di telepresenza PadBot. Una delle sue funzioni principali \u00e8 la videochiamata a controllo remoto: One Way. Quando qualcuno sta consultando, gli utenti possono modificare le informazioni in background e passare le informazioni al guest attraverso il robot. Il robot visualizza l&#8217;espressione predefinita. Converte quindi il testo in parlato, ma consente comunque al controllo in background di aggiungere una voce o un&#8217;informazione di input manuale.<\/p>\n<p>Robot di telepresenza PadBot P2<\/p>\n<p>Inoltre, la chat video, la chiamata bidirezionale e la trasmissione emozionale, gli utenti possono avere una comunicazione video faccia a faccia e accompagnare la famiglia sempre e ovunque.<\/p>\n<p>Il robot e il risveglio automatico a due metri di distanza. Quando il robot \u00e8 addormentato, si sveglia automaticamente, saluta l&#8217;ospite o dice &#8220;benvenuto&#8221; quando l&#8217;ospite si avvicina. Il P2 pu\u00f2 riconoscere i clienti attraverso il sistema di riconoscimento facciale.<\/p>\n<p>Robot di telepresenza PadBot P2<\/p>\n<p>Quando la batteria \u00e8 troppo scarica, trover\u00e0 il caricabatterie da solo.<\/p>\n<p>Altre funzioni<\/p>\n<p>Rilevamento automatico degli ostacoli durante la camminata<br \/>\nHead Motion: supporta la testa su e gi\u00f9 per 30 gradi di movimento<br \/>\nDesign pieghevole facile da imballare e trasportare<\/p>\n<p><a href=\"https:\/\/robot.horusdynamics.com\/robots\/wp-content\/uploads\/sites\/2\/2019\/07\/padbot-p2-telepresence-robot-datasheet.pdf\">Manuale<\/a><\/p>\n<p>&nbsp;<\/p>\n","protected":false},"excerpt":{"rendered":"<ul>\n<li>Robot di telepresenza (1,1 m) con uno schermo HD da 10 &#8220;<\/li>\n<li>Sveglia automatica a due metri di distanza<\/li>\n<li>Inclinazione e sollevamento della testa con movimento di 30 gradi<\/li>\n<li>Funzioni: telecomando, video chat, riconoscimento facciale, ecc.<\/li>\n<li>Design pieghevole facile da imballare e trasportare<\/li>\n<li>Robot di telepresenza (1,1 m) con uno schermo HD da 10 &#8220;<\/li>\n<li>Sveglia automatica a due metri di distanza<\/li>\n<li>Inclinazione e sollevamento della testa con movimento di 30 gradi<\/li>\n<li>Funzioni: telecomando, video chat, riconoscimento facciale, ecc.<\/li>\n<li>Design pieghevole facile da imballare e trasportare<\/li>\n<\/ul>\n<p>&nbsp;<\/p>\n<ul>\n<li>Schermo HD da 10 &#8220;<\/li>\n<li>4G LTE abilitato<\/li>\n<li>Array di microfoni<\/li>\n<li>Woofer a due binari<\/li>\n<li>Evita collisione della testa di induzione del robot<\/li>\n<li>Inclinazione e sollevamento della testa<\/li>\n<li>Brand PadBot P2<\/li>\n<li>Peso netto 6KG<\/li>\n<li>Tempo di attesa 60 ore<\/li>\n<li>Tempo di ricarica 6 ore<\/li>\n<li>Tempo di mantenimento: 10 ore<\/li>\n<li>Capacit\u00e0 della batteria 5000 mAh<\/li>\n<li>Interfaccia di ricarica 5.5 * 2.1<\/li>\n<li>Schermo integrato con la testa<\/li>\n<li>Struttura in metallo<\/li>\n<li>Sistema anti-caduta<\/li>\n<li>Alto 1,10 metri<\/li>\n<li>Indicatore di energia<\/li>\n<li>Sistema di movimento a ruote<\/li>\n<\/ul>\n<p>&nbsp;<\/p>\n<p>&nbsp;<\/p>\n","protected":false},"featured_media":17,"template":"","meta":[],"product_cat":[16],"product_tag":[17,18],"yoast_head":"<!-- This site is optimized with the Yoast SEO plugin v23.0 - https:\/\/yoast.com\/wordpress\/plugins\/seo\/ -->\n<title>PadBot P2 Telepresence Robot - Robot Store<\/title>\n<meta name=\"robots\" content=\"index, follow, max-snippet:-1, max-image-preview:large, max-video-preview:-1\" \/>\n<link rel=\"canonical\" href=\"https:\/\/robot.horusdynamics.com\/robots\/s\/padbot-p2-telepresence-robot\/\" \/>\n<meta property=\"og:locale\" content=\"it_IT\" \/>\n<meta property=\"og:type\" content=\"article\" \/>\n<meta property=\"og:title\" content=\"PadBot P2 Telepresence Robot - Robot Store\" \/>\n<meta property=\"og:description\" content=\"Robot di telepresenza (1,1 m) con uno schermo HD da 10 &quot;  Sveglia automatica a due metri di distanza  Inclinazione e sollevamento della testa con movimento di 30 gradi  Funzioni: telecomando, video chat, riconoscimento facciale, ecc.  Design pieghevole facile da imballare e trasportare  Robot di telepresenza (1,1 m) con uno schermo HD da 10 &quot;  Sveglia automatica a due metri di distanza  Inclinazione e sollevamento della testa con movimento di 30 gradi  Funzioni: telecomando, video chat, riconoscimento facciale, ecc.  Design pieghevole facile da imballare e trasportare  &nbsp;   Schermo HD da 10 &quot;  4G LTE abilitato  Array di microfoni  Woofer a due binari  Evita collisione della testa di induzione del robot  Inclinazione e sollevamento della testa  Brand PadBot P2  Peso netto 6KG  Tempo di attesa 60 ore  Tempo di ricarica 6 ore  Tempo di mantenimento: 10 ore  Capacit\u00e0 della batteria 5000 mAh  Interfaccia di ricarica 5.5 * 2.1  Schermo integrato con la testa  Struttura in metallo  Sistema anti-caduta  Alto 1,10 metri  Indicatore di energia  Sistema di movimento a ruote  &nbsp;  &nbsp;\" \/>\n<meta property=\"og:url\" content=\"https:\/\/robot.horusdynamics.com\/robots\/s\/padbot-p2-telepresence-robot\/\" \/>\n<meta property=\"og:site_name\" content=\"Robot Store\" \/>\n<meta property=\"article:modified_time\" content=\"2021-07-15T12:55:52+00:00\" \/>\n<meta property=\"og:image\" content=\"https:\/\/robot.horusdynamics.com\/robots\/wp-content\/uploads\/sites\/2\/2019\/07\/padbot-p2-telepresence-robot.jpg\" \/>\n\t<meta property=\"og:image:width\" content=\"900\" \/>\n\t<meta property=\"og:image:height\" content=\"900\" \/>\n\t<meta property=\"og:image:type\" content=\"image\/jpeg\" \/>\n<meta name=\"twitter:card\" content=\"summary_large_image\" \/>\n<meta name=\"twitter:label1\" content=\"Tempo di lettura stimato\" \/>\n\t<meta name=\"twitter:data1\" content=\"1 minuto\" \/>\n<script type=\"application\/ld+json\" class=\"yoast-schema-graph\">{\"@context\":\"https:\/\/schema.org\",\"@graph\":[{\"@type\":\"WebPage\",\"@id\":\"https:\/\/robot.horusdynamics.com\/robots\/s\/padbot-p2-telepresence-robot\/\",\"url\":\"https:\/\/robot.horusdynamics.com\/robots\/s\/padbot-p2-telepresence-robot\/\",\"name\":\"PadBot P2 Telepresence Robot - Robot Store\",\"isPartOf\":{\"@id\":\"https:\/\/robot.horusdynamics.com\/robots\/#website\"},\"primaryImageOfPage\":{\"@id\":\"https:\/\/robot.horusdynamics.com\/robots\/s\/padbot-p2-telepresence-robot\/#primaryimage\"},\"image\":{\"@id\":\"https:\/\/robot.horusdynamics.com\/robots\/s\/padbot-p2-telepresence-robot\/#primaryimage\"},\"thumbnailUrl\":\"https:\/\/robot.horusdynamics.com\/robots\/wp-content\/uploads\/sites\/2\/2019\/07\/padbot-p2-telepresence-robot.jpg\",\"datePublished\":\"2019-07-12T13:30:10+00:00\",\"dateModified\":\"2021-07-15T12:55:52+00:00\",\"breadcrumb\":{\"@id\":\"https:\/\/robot.horusdynamics.com\/robots\/s\/padbot-p2-telepresence-robot\/#breadcrumb\"},\"inLanguage\":\"it-IT\",\"potentialAction\":[{\"@type\":\"ReadAction\",\"target\":[\"https:\/\/robot.horusdynamics.com\/robots\/s\/padbot-p2-telepresence-robot\/\"]}]},{\"@type\":\"ImageObject\",\"inLanguage\":\"it-IT\",\"@id\":\"https:\/\/robot.horusdynamics.com\/robots\/s\/padbot-p2-telepresence-robot\/#primaryimage\",\"url\":\"https:\/\/robot.horusdynamics.com\/robots\/wp-content\/uploads\/sites\/2\/2019\/07\/padbot-p2-telepresence-robot.jpg\",\"contentUrl\":\"https:\/\/robot.horusdynamics.com\/robots\/wp-content\/uploads\/sites\/2\/2019\/07\/padbot-p2-telepresence-robot.jpg\",\"width\":900,\"height\":900},{\"@type\":\"BreadcrumbList\",\"@id\":\"https:\/\/robot.horusdynamics.com\/robots\/s\/padbot-p2-telepresence-robot\/#breadcrumb\",\"itemListElement\":[{\"@type\":\"ListItem\",\"position\":1,\"name\":\"Home\",\"item\":\"https:\/\/robot.horusdynamics.com\/robots\/\"},{\"@type\":\"ListItem\",\"position\":2,\"name\":\"Shop\",\"item\":\"https:\/\/robot.horusdynamics.com\/robots\/\"},{\"@type\":\"ListItem\",\"position\":3,\"name\":\"PadBot P2 Telepresence Robot\"}]},{\"@type\":\"WebSite\",\"@id\":\"https:\/\/robot.horusdynamics.com\/robots\/#website\",\"url\":\"https:\/\/robot.horusdynamics.com\/robots\/\",\"name\":\"Robot Store\",\"description\":\"Ispezioni e Sorveglianza\",\"publisher\":{\"@id\":\"https:\/\/robot.horusdynamics.com\/robots\/#organization\"},\"potentialAction\":[{\"@type\":\"SearchAction\",\"target\":{\"@type\":\"EntryPoint\",\"urlTemplate\":\"https:\/\/robot.horusdynamics.com\/robots\/?s={search_term_string}\"},\"query-input\":\"required name=search_term_string\"}],\"inLanguage\":\"it-IT\"},{\"@type\":\"Organization\",\"@id\":\"https:\/\/robot.horusdynamics.com\/robots\/#organization\",\"name\":\"Robot Store\",\"url\":\"https:\/\/robot.horusdynamics.com\/robots\/\",\"logo\":{\"@type\":\"ImageObject\",\"inLanguage\":\"it-IT\",\"@id\":\"https:\/\/robot.horusdynamics.com\/robots\/#\/schema\/logo\/image\/\",\"url\":\"https:\/\/robot.horusdynamics.com\/robots\/wp-content\/uploads\/sites\/2\/2019\/09\/vendita-robot-Horus-Dynamics.png\",\"contentUrl\":\"https:\/\/robot.horusdynamics.com\/robots\/wp-content\/uploads\/sites\/2\/2019\/09\/vendita-robot-Horus-Dynamics.png\",\"width\":120,\"height\":69,\"caption\":\"Robot Store\"},\"image\":{\"@id\":\"https:\/\/robot.horusdynamics.com\/robots\/#\/schema\/logo\/image\/\"}}]}<\/script>\n<!-- \/ Yoast SEO plugin. -->","yoast_head_json":{"title":"PadBot P2 Telepresence Robot - Robot Store","robots":{"index":"index","follow":"follow","max-snippet":"max-snippet:-1","max-image-preview":"max-image-preview:large","max-video-preview":"max-video-preview:-1"},"canonical":"https:\/\/robot.horusdynamics.com\/robots\/s\/padbot-p2-telepresence-robot\/","og_locale":"it_IT","og_type":"article","og_title":"PadBot P2 Telepresence Robot - Robot Store","og_description":"Robot di telepresenza (1,1 m) con uno schermo HD da 10 \"  Sveglia automatica a due metri di distanza  Inclinazione e sollevamento della testa con movimento di 30 gradi  Funzioni: telecomando, video chat, riconoscimento facciale, ecc.  Design pieghevole facile da imballare e trasportare  Robot di telepresenza (1,1 m) con uno schermo HD da 10 \"  Sveglia automatica a due metri di distanza  Inclinazione e sollevamento della testa con movimento di 30 gradi  Funzioni: telecomando, video chat, riconoscimento facciale, ecc.  Design pieghevole facile da imballare e trasportare  &nbsp;   Schermo HD da 10 \"  4G LTE abilitato  Array di microfoni  Woofer a due binari  Evita collisione della testa di induzione del robot  Inclinazione e sollevamento della testa  Brand PadBot P2  Peso netto 6KG  Tempo di attesa 60 ore  Tempo di ricarica 6 ore  Tempo di mantenimento: 10 ore  Capacit\u00e0 della batteria 5000 mAh  Interfaccia di ricarica 5.5 * 2.1  Schermo integrato con la testa  Struttura in metallo  Sistema anti-caduta  Alto 1,10 metri  Indicatore di energia  Sistema di movimento a ruote  &nbsp;  &nbsp;","og_url":"https:\/\/robot.horusdynamics.com\/robots\/s\/padbot-p2-telepresence-robot\/","og_site_name":"Robot Store","article_modified_time":"2021-07-15T12:55:52+00:00","og_image":[{"width":900,"height":900,"url":"https:\/\/robot.horusdynamics.com\/robots\/wp-content\/uploads\/sites\/2\/2019\/07\/padbot-p2-telepresence-robot.jpg","type":"image\/jpeg"}],"twitter_card":"summary_large_image","twitter_misc":{"Tempo di lettura stimato":"1 minuto"},"schema":{"@context":"https:\/\/schema.org","@graph":[{"@type":"WebPage","@id":"https:\/\/robot.horusdynamics.com\/robots\/s\/padbot-p2-telepresence-robot\/","url":"https:\/\/robot.horusdynamics.com\/robots\/s\/padbot-p2-telepresence-robot\/","name":"PadBot P2 Telepresence Robot - Robot Store","isPartOf":{"@id":"https:\/\/robot.horusdynamics.com\/robots\/#website"},"primaryImageOfPage":{"@id":"https:\/\/robot.horusdynamics.com\/robots\/s\/padbot-p2-telepresence-robot\/#primaryimage"},"image":{"@id":"https:\/\/robot.horusdynamics.com\/robots\/s\/padbot-p2-telepresence-robot\/#primaryimage"},"thumbnailUrl":"https:\/\/robot.horusdynamics.com\/robots\/wp-content\/uploads\/sites\/2\/2019\/07\/padbot-p2-telepresence-robot.jpg","datePublished":"2019-07-12T13:30:10+00:00","dateModified":"2021-07-15T12:55:52+00:00","breadcrumb":{"@id":"https:\/\/robot.horusdynamics.com\/robots\/s\/padbot-p2-telepresence-robot\/#breadcrumb"},"inLanguage":"it-IT","potentialAction":[{"@type":"ReadAction","target":["https:\/\/robot.horusdynamics.com\/robots\/s\/padbot-p2-telepresence-robot\/"]}]},{"@type":"ImageObject","inLanguage":"it-IT","@id":"https:\/\/robot.horusdynamics.com\/robots\/s\/padbot-p2-telepresence-robot\/#primaryimage","url":"https:\/\/robot.horusdynamics.com\/robots\/wp-content\/uploads\/sites\/2\/2019\/07\/padbot-p2-telepresence-robot.jpg","contentUrl":"https:\/\/robot.horusdynamics.com\/robots\/wp-content\/uploads\/sites\/2\/2019\/07\/padbot-p2-telepresence-robot.jpg","width":900,"height":900},{"@type":"BreadcrumbList","@id":"https:\/\/robot.horusdynamics.com\/robots\/s\/padbot-p2-telepresence-robot\/#breadcrumb","itemListElement":[{"@type":"ListItem","position":1,"name":"Home","item":"https:\/\/robot.horusdynamics.com\/robots\/"},{"@type":"ListItem","position":2,"name":"Shop","item":"https:\/\/robot.horusdynamics.com\/robots\/"},{"@type":"ListItem","position":3,"name":"PadBot P2 Telepresence Robot"}]},{"@type":"WebSite","@id":"https:\/\/robot.horusdynamics.com\/robots\/#website","url":"https:\/\/robot.horusdynamics.com\/robots\/","name":"Robot Store","description":"Ispezioni e Sorveglianza","publisher":{"@id":"https:\/\/robot.horusdynamics.com\/robots\/#organization"},"potentialAction":[{"@type":"SearchAction","target":{"@type":"EntryPoint","urlTemplate":"https:\/\/robot.horusdynamics.com\/robots\/?s={search_term_string}"},"query-input":"required name=search_term_string"}],"inLanguage":"it-IT"},{"@type":"Organization","@id":"https:\/\/robot.horusdynamics.com\/robots\/#organization","name":"Robot Store","url":"https:\/\/robot.horusdynamics.com\/robots\/","logo":{"@type":"ImageObject","inLanguage":"it-IT","@id":"https:\/\/robot.horusdynamics.com\/robots\/#\/schema\/logo\/image\/","url":"https:\/\/robot.horusdynamics.com\/robots\/wp-content\/uploads\/sites\/2\/2019\/09\/vendita-robot-Horus-Dynamics.png","contentUrl":"https:\/\/robot.horusdynamics.com\/robots\/wp-content\/uploads\/sites\/2\/2019\/09\/vendita-robot-Horus-Dynamics.png","width":120,"height":69,"caption":"Robot Store"},"image":{"@id":"https:\/\/robot.horusdynamics.com\/robots\/#\/schema\/logo\/image\/"}}]}},"_links":{"self":[{"href":"https:\/\/robot.horusdynamics.com\/robots\/wp-json\/wp\/v2\/product\/16"}],"collection":[{"href":"https:\/\/robot.horusdynamics.com\/robots\/wp-json\/wp\/v2\/product"}],"about":[{"href":"https:\/\/robot.horusdynamics.com\/robots\/wp-json\/wp\/v2\/types\/product"}],"wp:featuredmedia":[{"embeddable":true,"href":"https:\/\/robot.horusdynamics.com\/robots\/wp-json\/wp\/v2\/media\/17"}],"wp:attachment":[{"href":"https:\/\/robot.horusdynamics.com\/robots\/wp-json\/wp\/v2\/media?parent=16"}],"wp:term":[{"taxonomy":"product_cat","embeddable":true,"href":"https:\/\/robot.horusdynamics.com\/robots\/wp-json\/wp\/v2\/product_cat?post=16"},{"taxonomy":"product_tag","embeddable":true,"href":"https:\/\/robot.horusdynamics.com\/robots\/wp-json\/wp\/v2\/product_tag?post=16"}],"curies":[{"name":"wp","href":"https:\/\/api.w.org\/{rel}","templated":true}]}}